 t*y = 1725 - 510. Calculate the greatest common factor of 27 and y.
27
Suppose -u - 14 - 14 = 0. Let r be 11 - 7 - u/1. Calculate the highest common factor of r and 8.
8
Let r = 743 - 501. Suppose 104 = 32*o - 30*o. Let y = 74 - o. What is the greatest common divisor of y and r?
22
Suppose 2*b - 56 = -4*r, -b + 2*b - 4 = 0. Let x = -23 + 52. Let z = x - 17. Calculate the highest common factor of z and r.
12
Let w(y) be the second derivative of y**5/20 - 7*y**4/6 + 8*y**3/3 - 9*y**2 - 3*y. Let d be w(13). Calculate the highest common factor of 7 and d.
7
Let g(w) = -w**3 - 8*w**2 - 7*w - 39. Let a be g(-9). Let q(u) = u + 42. Let h be q(0). Calculate the greatest common factor of a and h.
21
Let o(p) = -13*p + 20*p + p**3 - 12 - 5*p - 15*p**2. Let n be o(15). Let j = 18 + n. Calculate the highest common divisor of 12 and j.
12
Let t be (1 - 39/(-6))*84/10. Calculate the greatest common factor of 42 and t.
21
Let x(n) = -n**3 - 4*n**2 + 2*n - 6. Let p be x(-5). Let c(g) = 4*g + 6 - 20*g + g + 8*g. Let r be c(-3). Calculate the greatest common divisor of r and p.
9
Suppose -12*p + 252 = -3*p. What is the greatest common divisor of 28 and p?
28
Let w = -3 + 31. Let y(d) = 6*d**2 + 4. Let m(t) = -5*t**2 + t - 3. Let k(h) = -3*m(h) - 2*y(h). Let c be k(2). Calculate the highest common divisor of c and w.
7
Let c be 3/((468/231)/2 - 1). Suppose 19*m - 273 = 6*m. What is the greatest common factor of m and c?
21
Let a be (-8)/(-12) - (-42)/18. Suppose k + 31 = 3*y, -a*k = -5*y + k + 40. What is the greatest common divisor of y and 12?
12
Let g(h) = 2*h + 14. Let b be g(-6). Calculate the highest common factor of b and 6.
2
Let v(h) = 107*h + 1. Let x be v(1). Suppose 4*j - x = -8. Suppose 5*s = 2*i + 621, -7*s - 3*i = -3*s - 506. Calculate the greatest common factor of s and j.
25
Let r(a) = -3*a - 12. Let g be r(-9). Let y be ((-2570)/(-15))/(2/(-3)). Let j = -122 - y. What is the highest common factor of g and j?
15
Suppose 97 - 13 = 3*b. Suppose 0 = -3*a + 3*g + 15 + 15, 4*a = g + b. Let q be 9/(0 + 3) + -1. What is the greatest common divisor of a and q?
2
Suppose 16*c - 13*c = 15. Suppose -49 = -c*y + 31. Calculate the highest common factor of 48 and y.
16
Let y = 859 - 834. Calculate the greatest common factor of 65 and y.
5
Suppose 0 = 3*p - 6*p + 117. Let l be (8/120*15)/((-1)/(-12)) + 1. Calculate the greatest common divisor of p and l.
13
Let v be (15 - 5)*(-33)/(-15). Calculate the greatest common factor of v and 242.
22
Suppose 696 = 3*s + 3*d, -s + 5*d - 19 = -239. Let f be -1 + 25 + 3/(-3). What is the greatest common divisor of f and s?
23
Let a(s) = -s**2 + 18*s - 3. Let l be 5 + 3 + -9 - (-17 + -1). Let f be a(l). What is the highest common factor of 14 and f?
14
Let w(x) = -x**3 - 43*x**2 - 2*x - 22. Let f be w(-43). What is the greatest common factor of 288 and f?
32
Suppose g - 5*x - 14 - 4 = 0, -3*g = -2*x - 15. Let z(s) = s**2 + s - 2. Let o be z(g). Calculate the highest common factor of o and 60.
10
Let p(a) = -12*a + 123. Let q be p(10). Let u = 6 - 3. What is the highest common divisor of u and q?
3
Let h = -27 + 27. Suppose -p + h*p = -30. Suppose 5*r = -3*q + 15 + 25, -2*q + p = 5*r. Calculate the highest common divisor of 10 and q.
10
Let c(y) = 1363*y**2 + 6*y + 3. Let j be c(-1). Calculate the greatest common factor of j and 85.
85
Suppose 4*x + 55 = 7*x - j, -4*x + 5*j + 66 = 0. Calculate the greatest common divisor of 19 and x.
19
Let h(s) be the third derivative of 0 + 0*s - 5/6*s**3 + 1/3*s**4 - 2*s**2. Let q be h(2). Calculate the greatest common divisor of 1 and q.
1
Let j be 136/6 - (-2)/(-3). Let q = 283 - 281. Calculate the highest common divisor of q and j.
2
Let c = 16 - -2. Calculate the greatest common factor of c and 24.
6
Let k(d) = 48*d + 5. Let r be k(11). Calculate the highest common divisor of 41 and r.
41
Suppose 3*i + 2*i = -5*h - 30, 4*h - 4 = 3*i. Let k be (161 - 33)*(-2)/i. What is the highest common divisor of k and 160?
32
Let t = 20 + -14. Let j(p) = p + 18. Let v be j(-11). Suppose q + 3 = v. Calculate the greatest common divisor of t and q.
2
Let d be 30/105 + (-383)/(-7). Calculate the highest common factor of d and 77.
11
Let z = 87 - -1. What is the greatest common factor of 55 and z?
11
Let o(a) = 2*a**3 + a + 1. Let q(n) = -3*n**3 - 6*n**2 - 8*n - 1. Let j(h) = -o(h) - q(h). Let r be j(-3). Calculate the greatest common divisor of 27 and r.
3
Let m = 37 - 17. Suppose -2*p = 5*y - 29, -5*p - 3 = -3*y + 2. What is the greatest common divisor of y and m?
5
Suppose -3*n - 88 = -11*n. What is the highest common factor of n and 209?
11
Let r(h) = h**3 - h - 1. Let j be r(2). Suppose 430 = -j*c + 10*c. Let w = c - 56. What is the highest common factor of w and 75?
15
Let a(h) be the first derivative of 1/3*h**3 + h + h**2 - 8 - 9*h**4. Let l be a(-1). What is the greatest common divisor of l and 18?
18
Let l(m) = 6*m**2 - 25*m + 11. Let z be l(5). Let j(a) = -a**3 - 6*a**2 - 6*a + 7. Let g be j(-5). Calculate the greatest common divisor of z and g.
12
Let x be (-4754)/(-26) - 22/(-143) - -6. Calculate the greatest common divisor of 42 and x.
21
Let p(m) = -m**2 - 12*m - 20. Suppose 22 = -5*y - 18. Let n be p(y). Calculate the highest common factor of 8 and n.
4
Suppose -5*i + 1456 = 8*i. Calculate the highest common factor of i and 48.
16
Let x = 17 + -17. Suppose -5*u + 41 - 6 = x. What is the greatest common divisor of u and 21?
7
Let u(w) = w**2 + 17*w + 185. Let z be u(-13). Calculate the greatest common divisor of 28 and z.
7
Suppose 59*t + 101 = r + 62*t, 2*r - t - 195 = 0. What is the highest common factor of 224 and r?
14
Suppose -4*a + 208 = -0*a. Suppose 46228 = 172*m - 45*m. Calculate the highest common factor of a and m.
52
Suppose 0 = z + 2*j - 498, -2*z + 4*j + 435 = -529. What is the highest common factor of z and 20?
10
Suppose 14 = -2*o + 4*o. Suppose v - o = -4. Let z be v + -6 - (-10 - -1). Calculate the highest common factor of z and 2.
2
Let r(z) = -10*z + 40. Let h be r(-22). What is the greatest common factor of h and 80?
20
Suppose 93*d - 1700 = 8*d. Let q = 6 - 4. Let o = d - q. Calculate the highest common factor of o and 45.
9
Let x(a) = -a**2 + 7*a. Let p be (-12)/30 - (-27)/5. Let c be (-4)/(-10) - (-28)/p. Let h be x(c). Calculate the highest common factor of h and 24.
6
Let p = 38 - 30. What is the highest common divisor of p and 48?
8
Let r(q) = 2*q**2 - 3*q + 7. Let v be r(-5). Let i(z) = z - 2. Let c be i(4). Let t be 16*(21/c)/7. Calculate the greatest common divisor of v and t.
24
Let c = 88 - 44. Let j(h) = h**2 - 17*h - 35. Let w be j(19). Let s be (11*w/(-3))/(-1). What is the highest common factor of c and s?
11
Let d = -147 + 152. Let u be (2/9)/((25/45)/d). Suppose 0 = 5*c + 3*j - j - 76, j + 82 = 5*c. Calculate the greatest common factor of c and u.
2
Let v be -2*7/(-2)*-1. Let w(y) be the first derivative of -5*y**2/2 + 5*y - 22. Let a be w(v). Calculate the greatest common factor of 10 and a.
10
Let r = -954 - -967. Let w = 27 - 14. What is the highest common factor of r and w?
13
Let i(f) = -f**2 - 28*f + 197. Let j be i(-29). Calculate the greatest common factor of 136 and j.
8
Suppose 0 = 5*h + 3*n - 11, 9*h = 5*h - 5*n + 1. Calculate the greatest common factor of 916 and h.
4
Suppose -f + 2 = 0, -3*f - 40 = -4*a - 7*f. Suppose 0 = 4*t + a*t - 204. Calculate the highest common factor of 187 and t.
17
Suppose -3*i - 5*g + 213 = 0, 0 = 3*i + 4*g + 22 - 232. Suppose 0*c - 5*c = z - 176, -4*z = -2*c + i. What is the greatest common divisor of 7 and c?
7
Let r(m) = m**3 + m**2 - 2*m. Let i be r(2). Let q be (-3)/(-8) + 12/(576/1518). What is the greatest common divisor of q and i?
8
Let a(s) = 8*s - 4. Let z be a(7). Let y(p) = -p**3 + 28*p**2 + 24*p + 158. Let c be y(29). What is the greatest common factor of c and z?
13
Let s(z) = -5*z + 31. Let q be s(0). Suppose 0 = -7*i + q + 249. Calculate the greatest common divisor of i and 20.
20
Suppose -8*w + 88 = -4*w. Let f be ((-40)/15*33)/(-1*1). Calculate the highest common factor of f and w.
22
Let p be (143/(-2))/(8/(-32)). What is the greatest common factor of 44 and p?
22
Let g(l) = -16*l + 4. Let v be g(5). Let f(a) = -a**3 - a**2 - 3*a - 5. Let o be f(3). Let b = o - v. Calculate the greates